q(y).
-3
Let a(q) = 8 + 9*q - 6 + 10 - 8*q. Suppose 5*g = -0*g - 30. Let b be -2*(-7)/g*3. What is a(b)?
5
Let o(p) be the second derivative of -p**5/20 + p**4/12 - p**3/6 + 5*p**2/2 - 4373*p + 2. Suppose -5*c = -2*c. What is o(c)?
5
Let v = -56 + 60. Let f(b) = -v - b + 6*b - 3*b. Determine f(-4).
-12
Let q(r) = -r - 1. Let p(y) = 10*y + 32. Let o(i) = -p(i) - 12*q(i). Calculate o(11).
2
Let r = 38 - 104. Let h = r + 63. Let d(n) = -n**2 + n + 4. Calculate d(h).
-8
Let n(q) = -q**2 + 8*q. Let j(b) = 3*b**2 - 113*b - 36 + 102*b - 2*b**2. Let y be j(14). Determine n(y).
12
Let j(m) = -m**3 - 5*m**2 + 4*m - 5. Let s be j(-6). Suppose 2*o + 4 = y, 0 = -5*y - 2*o + 3 - 7. Let k(l) = y - s*l - l + 1 + 10*l. What is k(-3)?
-5
Let d(w) = 43 + 39 - 121 - w + 40. Give d(-10).
11
Let s(u) = -5*u + 9. Suppose 42 = 5*k - 3*r, 2*k - 16*r - 8 = -17*r. What is s(k)?
-21
Let v(w) = 7 + 81*w - 54*w - 28*w. Let d(s) = -7*s + 1. Let l be d(1). Calculate v(l).
13
Let u(y) = -3*y**2 - 3*y - 2*y + 7*y**3 + 3*y**2 - 6*y**3 + 3*y**2. Determine u(-4).
4
Let t(i) = i**3 - 8*i**2 + 4*i + 13. Let c(n) = 11*n + 95. Let j be c(-8). Calculate t(j).
-8
Suppose 17 = 5*y + 4*g - 7, -3*g - 1 = -y. Suppose 5*k = -s - 15, -2*s - k = 3*k. Suppose 6*f = y*f + s. Let w(m) = -m**2 + 6*m - 6. Determine w(f).
-1
Let b(s) = -s**3 + 6*s**2 - 4*s - 7. Let u = 8 - 5. Suppose -5*t = -2*i, -5*t + 4*i - 10 = -0*t. Suppose -2*q + 15 = -5*r, u*q = -3*r + 10 + t. Calculate b(q).
-2
Let t be 1 + (-6)/(-9)*9. Let v be 33/t - (-28)/98. Let a(d) = -6*d**3 + 6*d**2 - 6*d + 3. Let x(h) = -h**3 + h**2 - h. Let o(k) = v*x(k) - a(k). Give o(0).
-3
Let s(u) = u**2 + u - 5. Suppose 0 = -3*h + 5*o + 10, 0 = 2*h + h - 2*o - 13. Suppose v - 4 = 2*b - 32, 4*b - 28 = -h*v. Let p be 1/4 - 51/b. Give s(p).
7
Let b(f) = f**3 + 6 - 17*f**2 + 20*f**2 - 3 + 3*f. Suppose 3*t - 7 = -3*m - 1, 0 = 2*t + 3*m - 9. Determine b(t).
-6
Let v(f) = -2*f**3 + 12*f**2 + 15*f - 2. Let b be v(7). Let i(a) = 7 + a**2 - 7*a - a**3 + b*a**2 + 2*a**2. Determine i(7).
7
Let m(x) = x**2 - x + 1. Let q = -5 - -6. Let w(p) = 7*p. Let h(c) = q*m(c) + w(c). Let f = 4 - 9. Determine h(f).
-4
Let u(d) = d**3 - 17*d**2 + d - 17. Let s be u(17). Suppose -v = 2*v + 3*q + 3, 2*q = -4*v + 6. Let i(k) = -4*k - v + 3*k - 1. What is i(s)?
-5
Let n(o) = -o**3 - 7*o**2 + 10*o + 6. Let j be n(-8). Let q be (j/(-15))/(1/9). Suppose 2*v + 20 = q*v. Let r(h) = -h**2 + 5*h + 3. Determine r(v).
3
Let r(a) = -a**2 - 2*a + 7. Let n be r(0). Let p(u) = 2*u - 7. Calculate p(n).
7
Let u(r) be the third derivative of -r**5/15 - r**4 + 2*r**3/3 - 7*r**2. Let n be u(-6). Let q(f) = 4*f + 3*f + f**3 - f**2 - 6 - 5*f**2. Calculate q(n).
-10
Suppose 20 + 0 = 2*q. Let w(y) = 2 - q + 5 + 4*y. What is w(-4)?
-19
Suppose -3*d + d + 10 = 0. Suppose 5*r - 3*g + 40 = 0, 5*r + g + d = -3*g. Let z(x) = -x - 12. What is z(r)?
-7
Let a(b) = -2*b**2 - 1 + 1 + 1 + 3*b**2 - 5*b. Let k be (-3)/(-9)*(9 + -3). What is a(k)?
-5
Let t(f) = -f**3 + 7*f**2 - 8*f - 5. Let k be 50/8 + 1/(-4). Suppose 22 = 4*p + k. Let w be ((-2)/3)/(p/(-36)). What is t(w)?
-17
Let w be (-3)/(-1) + (-42)/(-7). Let a(l) = 3*l - 3. Give a(w).
24
Let o be -1*1*13/13. Let k be -6 - (o - (-4 + 3)). Let i(z) = -2*z + 7. Determine i(k).
19
Suppose -2*k - 2*k - 4 = 0. Let z(i) = i**3 + 2*i**2 + i. Let f be z(k). Let t(q) = -4*q**2 + 3 + 3*q + f + 6*q**2 - q**3. What is t(3)?
3
Let b(q) = -q + 1. Let k = 21 - 19. Let c = k + 0. Give b(c).
-1
Suppose -11*w - 19*w - 180 = 0. Let i(v) = -6*v**2 + 35*v + 56. Let x(c) = -c**2 + 7*c + 11. Let h(f) = -2*i(f) + 11*x(f). Give h(w).
3
Suppose 0*i + i = -2. Let t(r) = r + 1. Let f be t(i). Let x(y) be the second derivative of -7*y**4/12 + y**2/2 - 6*y. What is x(f)?
-6
Let p(y) = -36*y - 9. Let v be p(0). Let m(l) = -2*l**2 - 16*l + 14. Determine m(v).
-4
Let j(f) = 3*f**3 - 1 + f + 6 - 5*f**2 - 5*f**3 + 3*f**3. Let c be j(4). Let p = 13 + c. Let b(q) = -q + 7. What is b(p)?
1
Let d(o) = -o**2 + 4*o - 4. Let u = -216 + 222. Give d(u).
-16
Let k be (-4)/3 - (-14)/6. Let c(s) = 2 + s + 2 - 1 + k. Calculate c(-5).
-1
Suppose -63*k = -65*k + 296. Let n(p) = -145*p - k*p + 4 + 294*p. Give n(-3).
1
Suppose -4*d - 8 = 2*r, 0 = 4*d - 0*d. Let w(q) be the second derivative of 2*q**2 + 0 + 3*q + 1/6*q**3. Determine w(r).
0
Suppose -3*w = -3*l - 7 + 1, -l + 13 = -4*w. Let n(h) = -3*h - 10. Give n(l).
11
Let x(p) = -p + 5 + 3*p - 3 - 2*p**2. Let g be (-2)/15 + 62/15. Suppose 3*c - 8 = g*o, -o = 7*c - 2*c + 2. What is x(o)?
-10
Suppose 81 = 4*z + 53. Let j(x) = x**3 - 7*x**2 + 2*x + 5. Determine j(z).
19
Let l(p) be the first derivative of -p + 1/2*p**2 - 4. What is l(0)?
-1
Let r(k) = -k**3 - k**2 + 2*k + 2. Let g be 24/(-36)*(3 - (-9)/(-6)). Determine r(g).
0
Let x(b) = -2*b**2 + 6*b + 4. Let k(l) = -3*l**2 + 60*l + 5. Let p be k(20). What is x(p)?
-16
Let p = 40 - 39. Let j(t) be the third derivative of -t**5/15 - t**4/12 + t**3/6 + 15*t**2. Calculate j(p).
-5
Let w be -4 + (-1 - (2 - 4)). Let c(p) be the third derivative of -1/30*p**5 + 0 - 1/8*p**4 - 4*p**2 + 2/3*p**3 + 0*p. Give c(w).
-5
Let w(t) be the first derivative of t**3/3 + 3*t**2/2 + 106. What is w(-4)?
4
Suppose l + 20 = 24. Let g(n) = -15*n**3 + 5*n**3 - 7*n**2 + 1 + 5*n**3 - 8*n + l*n**3. Determine g(-6).
13
Suppose -3*j = -6*j - 4*k, 9*k = 4*k. Let f(i) = -i**2 - i + 22. Calculate f(j).
22
Let b be (-444)/(-16) - (-1 - -2)/(-4). Suppose -3*v = v + b. Let x(f) = f + 2. What is x(v)?
-5
Let p = -9 - -9. Suppose -j - 2*a - 1 = 0, 3*j - a + 5*a - 7 = 0. Let c(u) = -j + 10 - u - 3. Determine c(p).
-2
Let w = 89 - 160. Let v = 70 + w. Let s(p) = 2*p**3 + 2*p + 1. Calculate s(v).
-3
Let b(n) be the second derivative of -n**5/20 + n**4/6 + 3*n**2/2 - 4*n. Let t = 0 + 4. Let a(h) = h - 1. Let z be a(t). Determine b(z).
-6
Let z(m) = 2*m - 10. Let x be z(7). Let l(w) = -3 + 0 - 3 + w - x*w. Let v = -52 - -47. Determine l(v).
9
Let l = 7 - 10. Let c(i) = 16 - 17 - 2*i + 0*i + i. Give c(l).
2
Suppose -3*n - 38 = -17. Let j = 13 + n. Let v(t) = t**2 - 5*t - 7. Determine v(j).
-1
Suppose -l + 3*h - 1 + 6 = 0, -2*l + 2*h + 14 = 0. Suppose 4*s + 1 - 2 = 3*v, 3*v + 5*s = l. Let b(o) = -4*o**2. Calculate b(v).
-4
Let h(q) = -9*q**2 + 21*q + 57. Let l(d) = -4*d**2 + 10*d + 27. Let z(r) = 3*h(r) - 7*l(r). Give z(9).
0
Let h(a) = -a**2 + a + 1. Let w(t) = t**3 - t**2 + 2*t - 10. Let c(b) = 5*h(b) + w(b). Suppose z + 12 = -2*z, -18 = -2*p + 3*z. Let o = 2 + p. Calculate c(o).
5
Let y = -24 - -26. Let p(h) = -5*h + 5. Determine p(y).
-5
Let h(t) = t**3 - 6*t**2 + 9*t - 7. Let r(f) = f. Let x(n) = -h(n) + 3*r(n). What is x(5)?
2
Suppose 166 - 33 = 35*s - 287. Let v(t) = 17 - t**3 - 4 - 18*t + 5*t + 13*t**2. Calculate v(s).
1
Let y(k) = 4*k**3 + 39*k**2 - 19*k - 45. Let w(l) = -l**3 - 9*l**2 + 5*l + 11. Let b(n) = 9*w(n) + 2*y(n). Give b(-4).
-3
Let q(y) = y**3 - 3*y**2 + y + 2. Let t(x) = x. Let j(p) = 2*p + 4. Let a(b) = -j(b) + 3*t(b). Let c be a(6). Calculate q(c).
0
Let b(q) = -q**2 - 17*q - 50. Suppose -4*l - 5*w - 31 = 1, 6*l + 5*w = -58. Determine b(l).
2
Let q(f) = 3*f**2 + 4 + 2*f**2 + 4*f**2 - 10*f**2 + 2*f. Determine q(-4).
-20
Suppose g + 0*g + 8 = 4*a, -2*g = -a - 5. Let i be -1 + -2 + (8 - 2). Let s(p) = p**2 - 12*p**2 - 4*p + p**i + 9*p**2. Calculate s(g).
16
Suppose -4*r + 15 = -5. Suppose r*i = -3*s + 2*i - 18, i + 1 = 0. Let d be s*(-3 - (-18)/5). Let y(u) = -2*u**2 - 3*u + 4. Give y(d).
-5
Let j(a) = a**3 - 4*a**2 - 4*a + 7. Let z = -34 - -51. Let b = z - 12. What is j(b)?
12
Suppose -26 = -16*n + 3*n. Let k(p) = -2*p**3 + 4*p**2 - 2*p. Give k(n).
-4
Let q = -1043 + 1049. Let j(m) = m**3 - 8*m**2 + 12*m + 6. Give j(q).
6
Let g(b) = 2*b + 4. Let p be g(0). Suppose 0 = 9*q - p*q. Let z(x) = -x + 19. Give z(q).
19
Let s(w) = -23*w - 51. Let i(m) = 4*m + 9. Let d(z) = 34*i(z) + 6*s(z). Let x = -9 - -8. Determine d(x).
2
Let t(x) = 3*x - 27. Suppose 5*b + 17 = 57. Determine t(b).
-3
Suppose t = 1, 2*n - t - 9 = n. Let p(h) = h - 9. Determine p(n).
1
Suppose -5 - 3 = 2*f. Let n be f/(-8)*4/(-2). Let k(l) = -l**3 + 0*l**2 - 2*l**2 - 2*l**2 - 2*l + 3*l**2 - 1. What is k(n)?
1
Let o(m) = -5*m**3 + 16*m**2 - 12*m - 13. Let k(b) = -14*b**3 + 47*b**2 - 35*b - 42. Let d(w) = -4*k(w) + 11*o(w). Give d(11).
-8
Let h(p) = -36*p. Let s(j) =